ne l(11).
130
Let l(j) = -j**3 + 11*j**2 - 1624*j + 16142. Give l(10).
2
Let y(c) = -c**3 + 18*c**2 + 216*c - 193. Determine y(26).
15
Let a(g) = 12*g**2 - 12*g - 33. Determine a(-2).
39
Let o(y) = -y**3 + 144*y**2 + 1054*y + 455. Determine o(151).
2
Let z(n) = -231*n + 448. Calculate z(2).
-14
Let t(w) = -18*w + 204. Determine t(31).
-354
Let a(y) = y**3 + 290*y**2 + 728*y - 38172. What is a(-287)?
-1
Let q(c) = 3*c**2 - 71*c - 170. Determine q(28).
194
Let k(x) = 346*x - 2766. Calculate k(8).
2
Let d(n) = -179*n + 1587. What is d(9)?
-24
Let j(p) = p**3 - 3*p**2 - 22*p - 33. What is j(7)?
9
Let t(s) = -11*s**2 - 275*s + 274. Calculate t(1).
-12
Let l(b) = -b**3 - b**2 + 6*b + 42. Calculate l(-4).
66
Let u(j) = j**3 - 11*j**2 + 19*j + 6. What is u(10)?
96
Let c(m) = 524*m + 1566. Give c(-3).
-6
Let n(v) = v**3 + 36*v**2 - 10*v - 370. What is n(-36)?
-10
Let u(o) = -6*o**2 + 166*o + 35. Determine u(20).
955
Let w(k) = k**3 - 86*k**2 - 90*k + 266. What is w(87)?
5
Let c(d) = -38*d**3 - d**2 + 28*d + 27. Calculate c(-1).
36
Let h(u) = -u**2 - 236*u + 17403. Give h(-295).
-2
Let z(d) = 3345*d - 10127. What is z(3)?
-92
Let z(t) = 2*t**2 - 58*t - 388. Determine z(-6).
32
Let y(q) = 1752*q + 8796. Determine y(-5).
36
Let x(a) = -a**2 - 21*a + 172. Give x(-28).
-24
Let c(n) = n**2 + 4*n - 10. What is c(8)?
86
Let j(a) = -4*a**2 - 8*a + 1150. Calculate j(-18).
-2
Let v(t) = -t**2 - 13*t + 170. Calculate v(-21).
2
Let y(l) = -353*l**2 - 1777*l + 11. What is y(-5)?
71
Let o(i) = -2*i**2 - 78*i - 8. Calculate o(-39).
-8
Let k(c) = -c**2 + 33*c + 473. Calculate k(-24).
-895
Let n(l) = 2*l**3 + 110*l**2 + 115*l + 383. What is n(-54)?
5
Let g(h) = -2*h**3 - 44*h**2 + 52*h + 89. What is g(-23)?
-49
Let a(z) = 2*z**2 + 110*z - 294. What is a(-57)?
-66
Let k(u) = u**2 + 47*u + 414. Determine k(-35).
-6
Let f(s) = s**2 + 439*s + 3466. Determine f(-8).
18
Let k(o) = -o**3 + 9*o**2 - 8*o - 43. Calculate k(9).
-115
Let o(b) = b**2 + 48*b + 528. Determine o(-29).
-23
Let j(k) = k**2 - 75*k - 2031. What is j(-21)?
-15
Let o(x) = -7*x**2 + 233*x + 72. Give o(34).
-98
Let y(q) = -2*q**3 - 87*q**2 + 235*q + 277. What is y(-46)?
47
Let g(k) = 618*k - 82186. Determine g(133).
8
Let d(x) = -x**2 + 34*x - 139. Calculate d(29).
6
Let a(q) = 8*q + 26. What is a(-3)?
2
Let w(a) = -2*a**2 + 32*a + 42. Determine w(-6).
-222
Let r(j) = -87*j - 1267. Determine r(-14).
-49
Let f(l) = -l**2 + 44*l - 5. Give f(0).
-5
Let t(q) = -q**3 - 13*q**2 - 41*q - 19. Calculate t(-12).
329
Let d(g) = 835*g + 50930. Determine d(-61).
-5
Let u(b) = 28*b + 210. Give u(-9).
-42
Let g(m) = 1208*m - 18126. Give g(15).
-6
Let p(a) = 26*a + 1586. Give p(-61).
0
Let f(a) = -a**3 - 23*a**2 + 126*a + 75. What is f(-27)?
-411
Let c(p) = -p**3 - 52*p**2 + 101*p - 324. Determine c(-54).
54
Let b(z) = -33*z**2 + 269*z - 1. Calculate b(8).
39
Let r(q) = -q**2 + 6966*q - 13926. What is r(2)?
2
Let x(l) = l**3 + 55*l**2 - l - 61. Determine x(-55).
-6
Let n(b) = -9*b**2 + 92*b - 95. Determine n(10).
-75
Let c(h) = -h**3 - 17*h**2 + 7*h - 4. Give c(0).
-4
Let c(d) = 5*d**2 + 36*d - 10. Give c(-7).
-17
Let f(x) = 12*x - 5. Determine f(-2).
-29
Let y(b) = -b**3 - 41*b**2 + 76*b + 3102. Give y(-41).
-14
Let x(v) = 367*v - 2223. What is x(7)?
346
Let y(v) = v**2 - 75*v - 1041. Give y(-12).
3
Let g(r) = 527*r + 9458. Give g(-18).
-28
Let u(w) = w**3 - 63*w**2 - 135*w + 230. Determine u(65).
-95
Let g(w) = 2*w**3 + 22*w**2 + 22*w + 543. Determine g(-12).
-9
Let z(a) = a**2 - 24*a - 27. Calculate z(8).
-155
Let d(b) = 3*b**3 + 71*b**2 + 166*b - 46. Determine d(-21).
-4
Let r(o) = 3*o**3 + 8*o**2 + 3*o + 4. Calculate r(-2).
6
Let j(a) = 1998*a + 15981. Calculate j(-8).
-3
Let m(a) = 3*a**3 + 7*a**2 - 5*a - 2. Determine m(-3).
-5
Let s(h) = h**3 + h**2 + 3*h - 7. Give s(3).
38
Let h(j) = j**3 - 4*j**2 - 37*j - 18. What is h(-5)?
-58
Let c(a) = -2*a**2 + 44*a - 325. What is c(10)?
-85
Let y(s) = -10*s**2 - 83*s - 133. Give y(-7).
-42
Let x(g) = 1846*g + 29538. Give x(-16).
2
Let w(c) = -c**3 + 81*c**2 - 97*c + 1263. Give w(80).
-97
Let s(m) = -m**3 + 15*m**2 - 23*m - 25. Give s(13).
14
Let y(f) = -70*f - 6371. Determine y(-91).
-1
Let a(j) = j**3 + 68*j**2 + 715*j + 5. Give a(-55).
5
Let n(x) = -3*x**3 + 57*x**2 + 26*x - 510. Give n(19).
-16
Let l(h) = -42*h + 869. Give l(24).
-139
Let a(j) = -j**3 - 62*j**2 - 340*j - 156. Determine a(-56).
68
Let x(f) = -f**3 + 9*f**2 + 7*f + 5. What is x(11)?
-160
Let z(y) = -3*y**2 - 97*y + 47. Calculate z(-33).
-19
Let l(h) = 179*h + 702. What is l(-4)?
-14
Let s(w) = 5*w**3 - 193*w**2 - 80*w - 10. Give s(39).
-88
Let i(g) = g**2 + 46*g - 10. What is i(4)?
190
Let u(o) = 85*o + 38. Give u(6).
548
Let h(r) = -9*r + 34. Calculate h(8).
-38
Let c(a) = -3*a**3 + 47*a**2 - 30*a - 2. What is c(15)?
-2
Let j(t) = t**3 + 25*t**2 + 25*t - 6. Give j(-24).
-30
Let y(s) = 7*s - 56. Calculate y(8).
0
Let v(n) = 362*n + 409. What is v(-1)?
47
Let v(j) = -2*j**3 - 3*j**2 + 3*j - 15. Give v(-5).
145
Let c(i) = -i**2 - 59*i + 1770. What is c(22)?
-12
Let i(z) = -5*z**3 + 86*z**2 - 2*z - 24. What is i(17)?
231
Let m(p) = p**2 - 77*p + 1162. What is m(56)?
-14
Let i(k) = 202*k + 866. Calculate i(-4).
58
Let t(q) = q**3 + 10*q**2 - 36*q - 361. Give t(-10).
-1
Let r(o) = o**3 + 6*o**2 - 51*o - 10. Give r(5).
10
Let m(z) = 16*z**2 - 585*z + 323. Determine m(36).
-1
Let j(d) = -d**3 - 23*d**2 - 84*d + 104. Give j(-18).
-4
Let c(v) = -v**2 - 39557*v - 276854. Give c(-7).
-4
Let b(q) = 5*q**2 - 75*q + 77. Determine b(12).
-103
Let z(k) = -2*k**2 - 615*k - 26153. Give z(-51).
10
Let m(q) = -49*q + 1318. Determine m(27).
-5
Let b(f) = -8*f**2 + 3065*f - 3439. What is b(382)?
-1
Let n(q) = -2*q**3 - 16*q**2 + 70*q + 51. Determine n(-11).
7
Let j(z) = -z**3 + 49*z**2 - 359*z - 54. Determine j(40).
-14
Let l(s) = 164*s + 299. Calculate l(-2).
-29
Let g(m) = 6*m - 268. Calculate g(46).
8
Let c(k) = -157*k - 303. Determine c(-5).
482
Let n(a) = 13*a - 185. Calculate n(25).
140
Let b(r) = 19*r - 533. Determine b(32).
75
Let o(n) = -16*n**2 - 929*n - 78. What is o(-58)?
-20
Let h(u) = 2*u**3 - 184*u**2 - 185*u - 87. What is h(93)?
6
Let t(g) = 68*g**3 + 2*g**2 + 7*g + 5. What is t(-1)?
-68
Let w(o) = 29*o**3 - 2*o**2 + 6*o - 5. What is w(1)?
28
Let l(x) = -x**3 + 5*x**2 + 31*x + 59. What is l(8)?
115
Let x(o) = -o**2 - 14*o + 234. Determine x(-22).
58
Let b(l) = 2*l**3 + 108*l**2 + 13*l + 625. Determine b(-54).
-77
Let r(j) = -j**2 + 424*j - 22745. What is r(63)?
-2
Let d(b) = -b**2 + 30*b - 185. Calculate d(20).
15
Let k(m) = -m**3 + 5*m**2 - 12*m + 13. Give k(4).
-19
Let x(s) = -7*s**2 + 79*s - 37. What is x(11)?
-15
Let f(b) = -b**3 + 180*b**2 + 2715*b + 196. Calculate f(194).
2
Let f(q) = 2053*q + 22571. Calculate f(-11).
-12
Let f(v) = 4*v**2 + 82*v + 48. What is f(-20)?
8
Let t(d) = 1046*d + 7301. Determine t(-7).
-21
Let l(a) = 49*a + 4212. Determine l(-86).
-2
Let n(s) = 21*s**2 - 79*s - 248. Give n(6).
34
Let h(o) = -o**2 + 34*o + 25. Determine h(29).
170
Let k(p) = -2*p**3 + 15*p**2 + p + 156. What is k(11)?
-680
Let i(g) = -2*g**3 - 39*g**2 - 33*g - 261. Determine i(-19).
5
Let w(r) = -r**2 - 5*r - 16. Determine w(0).
-16
Let k(w) = 214*w + 2178. Determine k(-10).
38
Let i(r) = r + 82. Calculate i(-18).
64
Let r(t) = t**3 - 10*t**2 - 59*t + 581. Determine r(9).
-31
Let w(j) = j**3 + 101*j**2 - 755*j - 2. Give w(7).
5
Let s(t) = -t**2 + 71*t + 313. What is s(75)?
13
Let s(z) = -85*z + 188. Determine s(4).
-152
Let l(h) = -2*h**2 - 18*h + 99. Give l(5).
-41
Let v(l) = -314*l**2 + 13187*l + 35. Give v(42).
-7
Let g(r) = 7*r**2 + 23*r - 4. Calculate g(-3).
-10
Let j(w) = 37*w + 94. Determine j(-8).
-202
Let t(l) = -4*l**3 + 50*l**2 - 23*l + 26. Determine t(12).
38
Let d(u) = -5*u + 2. Calculate d(-22).
112
Let s(y) = -12*y - 60. What is s(-9)?
48
Let j(s) = 1738*s - 17351. Give j(10).
29
Let j(g) = -2*g**2 - 41*g + 54. Give j(-24).
-114
Let u(i) = -66*i - 209. Determine u(-1).
-143
Let y(w) = 2*w**3 + w**2 - 16*w - 56. Give y(-5).
-201
Let b(o) = 35*o + 9. Calculate b(1).
44
Let m(l) = 3*l**3 + 3*l**2 + 143*l - 714. What is m(4)?
98
Let q(f) = 166*f - 9337. Calculate q(56).
-41
Let l(m) = 4*m**3 + 33*m**2 + 56*m + 152. Determine l(-7).
5
Let m(f) = -15*f - 190. Calculate m(-26).
200
Let j(q) = -q**3 + 39*q*